{"id":194,"date":"2025-04-30T11:35:09","date_gmt":"2025-04-30T09:35:09","guid":{"rendered":"https:\/\/irem.uma.es\/?page_id=194"},"modified":"2025-07-30T10:34:49","modified_gmt":"2025-07-30T08:34:49","slug":"activities","status":"publish","type":"page","link":"https:\/\/irem.uma.es\/?page_id=194","title":{"rendered":"Actividades"},"content":{"rendered":"\t\t<div data-elementor-type=\"wp-page\" data-elementor-id=\"194\" class=\"elementor elementor-194\">\n\t\t\t\t<div class=\"elementor-element elementor-element-43cbd66 e-flex e-con-boxed e-con e-parent\" data-id=\"43cbd66\" data-element_type=\"container\" data-e-type=\"container\">\n\t\t\t\t\t<div class=\"e-con-inner\">\n\t\t\t\t\t<\/div>\n\t\t\t\t<\/div>\n\t\t<div class=\"elementor-element elementor-element-a808370 e-con-full animated-slow e-flex elementor-invisible e-con e-parent\" data-id=\"a808370\" data-element_type=\"container\" data-e-type=\"container\" data-settings=\"{&quot;background_background&quot;:&quot;classic&quot;,&quot;animation&quot;:&quot;fadeInLeft&quot;}\">\n\t\t<div class=\"elementor-element elementor-element-5a02de5 e-con-full e-flex e-con e-child\" data-id=\"5a02de5\" data-element_type=\"container\" data-e-type=\"container\">\n\t\t\t\t<div class=\"elementor-element elementor-element-7838e72 elementor-widget__width-initial elementor-widget elementor-widget-image\" data-id=\"7838e72\" data-element_type=\"widget\" data-e-type=\"widget\" data-widget_type=\"image.default\">\n\t\t\t\t<div class=\"elementor-widget-container\">\n\t\t\t\t\t\t\t\t\t\t\t\t\t\t\t<img fetchpriority=\"high\" decoding=\"async\" width=\"697\" height=\"639\" src=\"https:\/\/irem.uma.es\/wp-content\/uploads\/2025\/05\/Actividad1.png\" class=\"attachment-large size-large wp-image-740\" alt=\"\" srcset=\"https:\/\/irem.uma.es\/wp-content\/uploads\/2025\/05\/Actividad1.png 697w, https:\/\/irem.uma.es\/wp-content\/uploads\/2025\/05\/Actividad1-300x275.png 300w\" sizes=\"(max-width: 697px) 100vw, 697px\" \/>\t\t\t\t\t\t\t\t\t\t\t\t\t\t\t<\/div>\n\t\t\t\t<\/div>\n\t\t\t\t<\/div>\n\t\t<div class=\"elementor-element elementor-element-dddc3c5 e-con-full e-flex e-con e-child\" data-id=\"dddc3c5\" data-element_type=\"container\" data-e-type=\"container\">\n\t\t<div class=\"elementor-element elementor-element-7145d1e e-con-full e-flex e-con e-child\" data-id=\"7145d1e\" data-element_type=\"container\" data-e-type=\"container\">\n\t\t\t\t<div class=\"elementor-element elementor-element-2f0da6f elementor-widget elementor-widget-heading\" data-id=\"2f0da6f\" data-element_type=\"widget\" data-e-type=\"widget\" data-widget_type=\"heading.default\">\n\t\t\t\t<div class=\"elementor-widget-container\">\n\t\t\t\t\t<h2 class=\"elementor-heading-title elementor-size-default\">\"As\u00ed se ve el cerebro\"<\/h2>\t\t\t\t<\/div>\n\t\t\t\t<\/div>\n\t\t\t\t<div class=\"elementor-element elementor-element-45d70d4 elementor-widget elementor-widget-heading\" data-id=\"45d70d4\" data-element_type=\"widget\" data-e-type=\"widget\" data-widget_type=\"heading.default\">\n\t\t\t\t<div class=\"elementor-widget-container\">\n\t\t\t\t\t<h4 class=\"elementor-heading-title elementor-size-default\">Charla divulgativa, Colegio FU Sagrada Familia, 30 de abril de 2025<\/h4>\t\t\t\t<\/div>\n\t\t\t\t<\/div>\n\t\t\t\t<\/div>\n\t\t<div class=\"elementor-element elementor-element-1634657 e-con-full e-flex e-con e-child\" data-id=\"1634657\" data-element_type=\"container\" data-e-type=\"container\">\n\t\t\t\t<div class=\"elementor-element elementor-element-e0ccbfa elementor-widget elementor-widget-text-editor\" data-id=\"e0ccbfa\" data-element_type=\"widget\" data-e-type=\"widget\" data-widget_type=\"text-editor.default\">\n\t\t\t\t<div class=\"elementor-widget-container\">\n\t\t\t\t\t\t\t\t\t<p>La profesora Alicia Rivera visit\u00f3 el colegio Sagrada Familia, de la Fundaci\u00f3n Unicaja, para\u00a0 impartir la charla titulada \u00abAs\u00ed se ve el cerebro\u00bb para explicarles como los investigadores pueden estudiar el cerebro<\/p>\t\t\t\t\t\t\t\t<\/div>\n\t\t\t\t<\/div>\n\t\t\t\t<\/div>\n\t\t\t\t<\/div>\n\t\t\t\t<\/div>\n\t\t<div class=\"elementor-element elementor-element-8db21b1 e-flex e-con-boxed e-con e-parent\" data-id=\"8db21b1\" data-element_type=\"container\" data-e-type=\"container\">\n\t\t\t\t\t<div class=\"e-con-inner\">\n\t\t\t\t\t<\/div>\n\t\t\t\t<\/div>\n\t\t<div class=\"elementor-element elementor-element-839b29a e-flex e-con-boxed e-con e-parent\" data-id=\"839b29a\" data-element_type=\"container\" data-e-type=\"container\">\n\t\t\t\t\t<div class=\"e-con-inner\">\n\t\t\t\t\t<\/div>\n\t\t\t\t<\/div>\n\t\t<div class=\"elementor-element elementor-element-5e96da1 e-con-full e-flex elementor-invisible e-con e-parent\" data-id=\"5e96da1\" data-element_type=\"container\" data-e-type=\"container\" data-settings=\"{&quot;background_background&quot;:&quot;classic&quot;,&quot;animation&quot;:&quot;fadeInRight&quot;}\">\n\t\t<div class=\"elementor-element elementor-element-530e8ca e-con-full e-flex e-con e-child\" data-id=\"530e8ca\" data-element_type=\"container\" data-e-type=\"container\">\n\t\t\t\t<div class=\"elementor-element elementor-element-e1c174d elementor-widget__width-initial elementor-widget elementor-widget-image\" data-id=\"e1c174d\" data-element_type=\"widget\" data-e-type=\"widget\" data-widget_type=\"image.default\">\n\t\t\t\t<div class=\"elementor-widget-container\">\n\t\t\t\t\t\t\t\t\t\t\t\t\t\t\t<img decoding=\"async\" src=\"https:\/\/irem.uma.es\/wp-content\/uploads\/2025\/05\/WhatsApp-Image-2025-05-13-at-17.12.41.jpeg\" title=\"WhatsApp Image 2025-05-13 at 17.12.41\" alt=\"WhatsApp Image 2025-05-13 at 17.12.41\" loading=\"lazy\" \/>\t\t\t\t\t\t\t\t\t\t\t\t\t\t\t<\/div>\n\t\t\t\t<\/div>\n\t\t\t\t<\/div>\n\t\t<div class=\"elementor-element elementor-element-404ea08 e-con-full e-flex e-con e-child\" data-id=\"404ea08\" data-element_type=\"container\" data-e-type=\"container\">\n\t\t\t\t<div class=\"elementor-element elementor-element-05807c0 elementor-widget__width-initial elementor-widget elementor-widget-heading\" data-id=\"05807c0\" data-element_type=\"widget\" data-e-type=\"widget\" data-widget_type=\"heading.default\">\n\t\t\t\t<div class=\"elementor-widget-container\">\n\t\t\t\t\t<h2 class=\"elementor-heading-title elementor-size-default\">Primer premio de fotograf\u00eda cient\u00edfica para \"Alas de Tolerancia\"<\/h2>\t\t\t\t<\/div>\n\t\t\t\t<\/div>\n\t\t\t\t<div class=\"elementor-element elementor-element-6ca6ec5 elementor-widget elementor-widget-heading\" data-id=\"6ca6ec5\" data-element_type=\"widget\" data-e-type=\"widget\" data-widget_type=\"heading.default\">\n\t\t\t\t<div class=\"elementor-widget-container\">\n\t\t\t\t\t<h4 class=\"elementor-heading-title elementor-size-default\">III Congreso de J\u00f3venes Investigadores de Fisiolog\u00eda, Madrid, 28 y 29 de noviembre de 2024<\/h4>\t\t\t\t<\/div>\n\t\t\t\t<\/div>\n\t\t<div class=\"elementor-element elementor-element-9769188 e-con-full e-flex e-con e-child\" data-id=\"9769188\" data-element_type=\"container\" data-e-type=\"container\">\n\t\t\t\t<div class=\"elementor-element elementor-element-17e968d elementor-widget__width-initial elementor-widget elementor-widget-text-editor\" data-id=\"17e968d\" data-element_type=\"widget\" data-e-type=\"widget\" data-widget_type=\"text-editor.default\">\n\t\t\t\t<div class=\"elementor-widget-container\">\n\t\t\t\t\t\t\t\t\t<p>Marina obtuvo el 1\u00ba premio de fotograf\u00eda cient\u00edfica del III Congreso de J\u00f3venes Investigadores de Fisiolog\u00eda celebrado en la Facultad de Medicina de la Universidad Complutense de Madrid. La fotograf\u00eda se titula \u00abAlas de Tolerancia\u00bb y representa el marcaje inmunofluorescente de marcadores neuronales en el asta dorsal de la m\u00e9dula espinal de rata de animales que han desarrollado tolerancia a morfina. \u00a1Enhorabuena!<\/p>\t\t\t\t\t\t\t\t<\/div>\n\t\t\t\t<\/div>\n\t\t\t\t<\/div>\n\t\t\t\t<\/div>\n\t\t\t\t<\/div>\n\t\t<div class=\"elementor-element elementor-element-6f56c6f e-flex e-con-boxed e-con e-parent\" data-id=\"6f56c6f\" data-element_type=\"container\" data-e-type=\"container\">\n\t\t\t\t\t<div class=\"e-con-inner\">\n\t\t\t\t\t<\/div>\n\t\t\t\t<\/div>\n\t\t<div class=\"elementor-element elementor-element-a674ce6 e-flex e-con-boxed e-con e-parent\" data-id=\"a674ce6\" data-element_type=\"container\" data-e-type=\"container\">\n\t\t\t\t\t<div class=\"e-con-inner\">\n\t\t\t\t\t<\/div>\n\t\t\t\t<\/div>\n\t\t<div class=\"elementor-element elementor-element-0571959 e-con-full animated-slow e-flex elementor-invisible e-con e-parent\" data-id=\"0571959\" data-element_type=\"container\" data-e-type=\"container\" data-settings=\"{&quot;background_background&quot;:&quot;classic&quot;,&quot;animation&quot;:&quot;fadeInLeft&quot;}\">\n\t\t<div class=\"elementor-element elementor-element-17098c9 e-con-full e-flex e-con e-child\" data-id=\"17098c9\" data-element_type=\"container\" data-e-type=\"container\">\n\t\t\t\t<div class=\"elementor-element elementor-element-c183efa elementor-widget__width-initial elementor-widget elementor-widget-image\" data-id=\"c183efa\" data-element_type=\"widget\" data-e-type=\"widget\" data-widget_type=\"image.default\">\n\t\t\t\t<div class=\"elementor-widget-container\">\n\t\t\t\t\t\t\t\t\t\t\t\t\t\t\t<img decoding=\"async\" width=\"800\" height=\"600\" src=\"https:\/\/irem.uma.es\/wp-content\/uploads\/2025\/05\/WhatsApp-Image-2025-05-13-at-17.11.39-1024x768.jpeg\" class=\"attachment-large size-large wp-image-754\" alt=\"\" srcset=\"https:\/\/irem.uma.es\/wp-content\/uploads\/2025\/05\/WhatsApp-Image-2025-05-13-at-17.11.39-1024x768.jpeg 1024w, https:\/\/irem.uma.es\/wp-content\/uploads\/2025\/05\/WhatsApp-Image-2025-05-13-at-17.11.39-300x225.jpeg 300w, https:\/\/irem.uma.es\/wp-content\/uploads\/2025\/05\/WhatsApp-Image-2025-05-13-at-17.11.39-768x576.jpeg 768w, https:\/\/irem.uma.es\/wp-content\/uploads\/2025\/05\/WhatsApp-Image-2025-05-13-at-17.11.39-1536x1152.jpeg 1536w, https:\/\/irem.uma.es\/wp-content\/uploads\/2025\/05\/WhatsApp-Image-2025-05-13-at-17.11.39.jpeg 2000w\" sizes=\"(max-width: 800px) 100vw, 800px\" \/>\t\t\t\t\t\t\t\t\t\t\t\t\t\t\t<\/div>\n\t\t\t\t<\/div>\n\t\t\t\t<\/div>\n\t\t<div class=\"elementor-element elementor-element-e65cc29 e-con-full e-flex e-con e-child\" data-id=\"e65cc29\" data-element_type=\"container\" data-e-type=\"container\">\n\t\t<div class=\"elementor-element elementor-element-aca48ca e-con-full e-flex e-con e-child\" data-id=\"aca48ca\" data-element_type=\"container\" data-e-type=\"container\">\n\t\t\t\t<div class=\"elementor-element elementor-element-46b6cc1 elementor-widget__width-initial elementor-widget elementor-widget-heading\" data-id=\"46b6cc1\" data-element_type=\"widget\" data-e-type=\"widget\" data-widget_type=\"heading.default\">\n\t\t\t\t<div class=\"elementor-widget-container\">\n\t\t\t\t\t<h2 class=\"elementor-heading-title elementor-size-default\">Comunicaci\u00f3n oral: Papel de los receptores dopamin\u00e9rgicos D4 en la prevenci\u00f3n del desarrollo de tolerancia analg\u00e9sica a morfina<\/h2>\t\t\t\t<\/div>\n\t\t\t\t<\/div>\n\t\t\t\t<div class=\"elementor-element elementor-element-03eccdd elementor-widget elementor-widget-heading\" data-id=\"03eccdd\" data-element_type=\"widget\" data-e-type=\"widget\" data-widget_type=\"heading.default\">\n\t\t\t\t<div class=\"elementor-widget-container\">\n\t\t\t\t\t<h4 class=\"elementor-heading-title elementor-size-default\">III Congreso de J\u00f3venes Investigadores de Fisiolog\u00eda. Madrid, 28 y 29 de noviembre de 2024<\/h4>\t\t\t\t<\/div>\n\t\t\t\t<\/div>\n\t\t\t\t<\/div>\n\t\t<div class=\"elementor-element elementor-element-fc43cc4 e-con-full e-flex e-con e-child\" data-id=\"fc43cc4\" data-element_type=\"container\" data-e-type=\"container\">\n\t\t\t\t<div class=\"elementor-element elementor-element-60b815a elementor-widget elementor-widget-text-editor\" data-id=\"60b815a\" data-element_type=\"widget\" data-e-type=\"widget\" data-widget_type=\"text-editor.default\">\n\t\t\t\t<div class=\"elementor-widget-container\">\n\t\t\t\t\t\t\t\t\t<p>La investigadora predoctoral Marina Ponce present\u00f3 parte de los resultados de su tesis doctoral en una brillante comunicaci\u00f3n oral en el III Congreso de J\u00f3venes Investigadores de Fisiolog\u00eda celebrado en la Facultad de Medicina de la Universidad Complutense de Madrid.<\/p>\t\t\t\t\t\t\t\t<\/div>\n\t\t\t\t<\/div>\n\t\t\t\t<\/div>\n\t\t\t\t<\/div>\n\t\t\t\t<\/div>\n\t\t<div class=\"elementor-element elementor-element-b64a09b e-flex e-con-boxed e-con e-parent\" data-id=\"b64a09b\" data-element_type=\"container\" data-e-type=\"container\">\n\t\t\t\t\t<div class=\"e-con-inner\">\n\t\t\t\t\t<\/div>\n\t\t\t\t<\/div>\n\t\t<div class=\"elementor-element elementor-element-698a895 e-con-full e-flex elementor-invisible e-con e-parent\" data-id=\"698a895\" data-element_type=\"container\" data-e-type=\"container\" data-settings=\"{&quot;background_background&quot;:&quot;classic&quot;,&quot;animation&quot;:&quot;fadeInRight&quot;}\">\n\t\t\t\t<div class=\"elementor-element elementor-element-ee01921 elementor-widget__width-initial elementor-position-top elementor-widget elementor-widget-image-box\" data-id=\"ee01921\" data-element_type=\"widget\" data-e-type=\"widget\" data-widget_type=\"image-box.default\">\n\t\t\t\t<div class=\"elementor-widget-container\">\n\t\t\t\t\t<div class=\"elementor-image-box-wrapper\"><figure class=\"elementor-image-box-img\"><img decoding=\"async\" width=\"1434\" height=\"2560\" src=\"https:\/\/irem.uma.es\/wp-content\/uploads\/2025\/07\/20250220_193544-min-scaled.jpg\" class=\"attachment-full size-full wp-image-1385\" alt=\"\" srcset=\"https:\/\/irem.uma.es\/wp-content\/uploads\/2025\/07\/20250220_193544-min-scaled.jpg 1434w, https:\/\/irem.uma.es\/wp-content\/uploads\/2025\/07\/20250220_193544-min-168x300.jpg 168w, https:\/\/irem.uma.es\/wp-content\/uploads\/2025\/07\/20250220_193544-min-573x1024.jpg 573w, https:\/\/irem.uma.es\/wp-content\/uploads\/2025\/07\/20250220_193544-min-768x1371.jpg 768w, https:\/\/irem.uma.es\/wp-content\/uploads\/2025\/07\/20250220_193544-min-860x1536.jpg 860w, https:\/\/irem.uma.es\/wp-content\/uploads\/2025\/07\/20250220_193544-min-1147x2048.jpg 1147w\" sizes=\"(max-width: 1434px) 100vw, 1434px\" \/><\/figure><\/div>\t\t\t\t<\/div>\n\t\t\t\t<\/div>\n\t\t<div class=\"elementor-element elementor-element-af071f6 e-con-full e-flex e-con e-child\" data-id=\"af071f6\" data-element_type=\"container\" data-e-type=\"container\">\n\t\t\t\t<div class=\"elementor-element elementor-element-cfa8d53 elementor-widget__width-initial elementor-widget elementor-widget-heading\" data-id=\"cfa8d53\" data-element_type=\"widget\" data-e-type=\"widget\" data-widget_type=\"heading.default\">\n\t\t\t\t<div class=\"elementor-widget-container\">\n\t\t\t\t\t<h2 class=\"elementor-heading-title elementor-size-default\">\u00bfEs la dopamina un aliado de la morfina en el tratamiento del dolor?<\/h2>\t\t\t\t<\/div>\n\t\t\t\t<\/div>\n\t\t\t\t<div class=\"elementor-element elementor-element-4d6b085 elementor-widget elementor-widget-heading\" data-id=\"4d6b085\" data-element_type=\"widget\" data-e-type=\"widget\" data-widget_type=\"heading.default\">\n\t\t\t\t<div class=\"elementor-widget-container\">\n\t\t\t\t\t<h4 class=\"elementor-heading-title elementor-size-default\">Charla de divulgaci\u00f3n, Molly Malone\u00b4s Teatinos, 25 de febrero de 2025<\/h4>\t\t\t\t<\/div>\n\t\t\t\t<\/div>\n\t\t<div class=\"elementor-element elementor-element-077ebb0 e-con-full e-flex e-con e-child\" data-id=\"077ebb0\" data-element_type=\"container\" data-e-type=\"container\">\n\t\t\t\t<div class=\"elementor-element elementor-element-1474c2b elementor-widget elementor-widget-text-editor\" data-id=\"1474c2b\" data-element_type=\"widget\" data-e-type=\"widget\" data-widget_type=\"text-editor.default\">\n\t\t\t\t<div class=\"elementor-widget-container\">\n\t\t\t\t\t\t\t\t\t<p>Marina particip\u00f3 en las tertulias Uciencia organizadas por el Servicio de Publicaciones y Divulgaci\u00f3n de la Universidad de M\u00e1laga. Fue una de las actividades que se realizaron para celebrar el d\u00eda 11 de febrero, el d\u00eda internacional de la ni\u00f1a y la mujer en la ciencia.<\/p>\t\t\t\t\t\t\t\t<\/div>\n\t\t\t\t<\/div>\n\t\t\t\t<div class=\"elementor-element elementor-element-294bd67 elementor-widget elementor-widget-text-editor\" data-id=\"294bd67\" data-element_type=\"widget\" data-e-type=\"widget\" data-widget_type=\"text-editor.default\">\n\t\t\t\t<div class=\"elementor-widget-container\">\n\t\t\t\t\t\t\t\t\t<p style=\"text-align: left;\"><a href=\"https:\/\/www.umadivulga.uma.es\/agenda\/tertulia\/tertulia-uciencia-l-es-la-dopamina-un-aliado-de-la-morfina-en-el-tratamiento-del-dolor\/\">Leer m\u00e1s&#8230;<\/a><\/p>\t\t\t\t\t\t\t\t<\/div>\n\t\t\t\t<\/div>\n\t\t\t\t<\/div>\n\t\t\t\t<\/div>\n\t\t\t\t<\/div>\n\t\t<div class=\"elementor-element elementor-element-bb74bcf e-flex e-con-boxed e-con e-parent\" data-id=\"bb74bcf\" data-element_type=\"container\" data-e-type=\"container\">\n\t\t\t\t\t<div class=\"e-con-inner\">\n\t\t\t\t\t<\/div>\n\t\t\t\t<\/div>\n\t\t\t\t<\/div>\n\t\t","protected":false},"excerpt":{"rendered":"<p>\u00abAs\u00ed se ve el cerebro\u00bb Charla divulgativa, Colegio FU Sagrada Familia, 30 de abril de 2025 La profesora Alicia Rivera visit\u00f3 el colegio Sagrada Familia, de la Fundaci\u00f3n Unicaja, para\u00a0 impartir la charla titulada \u00abAs\u00ed se ve el cerebro\u00bb para explicarles como los investigadores pueden estudiar el cerebro Primer premio de fotograf\u00eda cient\u00edfica para \u00abAlas [&hellip;]<\/p>\n","protected":false},"author":1,"featured_media":290,"parent":0,"menu_order":6,"comment_status":"closed","ping_status":"closed","template":"","meta":{"footnotes":""},"class_list":["post-194","page","type-page","status-publish","has-post-thumbnail","hentry"],"_links":{"self":[{"href":"https:\/\/irem.uma.es\/index.php?rest_route=\/wp\/v2\/pages\/194","targetHints":{"allow":["GET"]}}],"collection":[{"href":"https:\/\/irem.uma.es\/index.php?rest_route=\/wp\/v2\/pages"}],"about":[{"href":"https:\/\/irem.uma.es\/index.php?rest_route=\/wp\/v2\/types\/page"}],"author":[{"embeddable":true,"href":"https:\/\/irem.uma.es\/index.php?rest_route=\/wp\/v2\/users\/1"}],"replies":[{"embeddable":true,"href":"https:\/\/irem.uma.es\/index.php?rest_route=%2Fwp%2Fv2%2Fcomments&post=194"}],"version-history":[{"count":123,"href":"https:\/\/irem.uma.es\/index.php?rest_route=\/wp\/v2\/pages\/194\/revisions"}],"predecessor-version":[{"id":1660,"href":"https:\/\/irem.uma.es\/index.php?rest_route=\/wp\/v2\/pages\/194\/revisions\/1660"}],"wp:featuredmedia":[{"embeddable":true,"href":"https:\/\/irem.uma.es\/index.php?rest_route=\/wp\/v2\/media\/290"}],"wp:attachment":[{"href":"https:\/\/irem.uma.es\/index.php?rest_route=%2Fwp%2Fv2%2Fmedia&parent=194"}],"curies":[{"name":"wp","href":"https:\/\/api.w.org\/{rel}","templated":true}]}}